*2. Let k(p) = p**3 + 2*p**2 - p + 1. Let d be k(-2). Suppose 3*c - 14 = 4*u + 2*c, 7 = -d*u - c. What is j(u)?
-7
Let h be (-54)/(-10) - (-6)/(-15). Let r(d) = 7*d**2 - 8*d + 4*d**2 - 10 + 5. Let t(f) = -5*f**2 + 4*f + 3. Let c(b) = 4*r(b) + 9*t(b). Give c(h).
2
Let t(y) = y**3 - 14*y**2 - 14*y - 12. Let d be t(15). Let o(a) be the third derivative of -1/8*a**4 - a**3 + d*a**2 + 0*a + 0. What is o(-4)?
6
Let d(p) = -p**3 - 6*p**2 - p + 3. Let n(q) = -q**2 - 7*q - 6. Suppose -3*m + 2*m - 7 = 0. Let l be n(m). Determine d(l).
9
Let d(o) = o - 2. Let z(b) = b**2 + 13*b + 30. Let x be z(-10). Calculate d(x).
-2
Let g(y) = -y**2 - 4*y - 3. Suppose -2*w = 2*n - 7*n + 12, 4*n - 5*w - 13 = 0. Let f be (-24)/(-9) - n/3. Let a = f - 5. Give g(a).
0
Let o = 11 + -6. Let u(w) = 2 + 0 - 1 + 1 + o*w. Suppose 5*p + 6 = -4. Determine u(p).
-8
Let z(j) = 4*j**3 - 2*j**2 + 2*j - 1. Let v(i) = i**3 - 2*i**2 + i - 1. Let c be v(2). Calculate z(c).
3
Let j(n) = 3*n**2. Let d = -16 + 20. Suppose 0*v = -4*v + d. What is j(v)?
3
Let l(j) = j**3 + j**2 + 9. Let q = -1 - -1. Let b(y) = y**3 + 3*y**2 + 2*y + 2. Let s be b(-2). Let p be (2 - 2) + q/s. Calculate l(p).
9
Suppose 9*v + 75 = 4*v. Let a be 2*v/6*-1. Let x(g) = g**3 - 5*g**2 + g - 5. Calculate x(a).
0
Let v(i) = i**3 + 3*i**2 + 1. Let b be v(-2). Let a(t) be the first derivative of -t**3/3 + 5*t**2/2 - 124. What is a(b)?
0
Let a(v) = 11*v**3 - 18*v**2 + 29*v - 20. Let i(u) = 7*u**3 - 12*u**2 + 19*u - 13. Let h(q) = -5*a(q) + 8*i(q). Calculate h(4).
-8
Suppose 0 = -0*l - 3*l. Let v(o) be the second derivative of -2*o + 0 + 2/3*o**3 + l*o**2. Determine v(1).
4
Let h = 3 + 1. Let s(p) = 6*p + 21. Let c(f) = f**2 + 3*f + 2. Let x be c(-4). Let k(j) = j + 4. Let a(u) = x*s(u) - 33*k(u). Determine a(h).
6
Suppose -5 = -5*s - 0. Let i(o) = 4*o. What is i(s)?
4
Let f(b) = -28 + 29 + 6*b**2 - b + 2*b. Let r be f(-1). Let w(t) = t**2 - 8*t + 2. Calculate w(r).
-10
Let g(s) = s**2 + 4*s + 9. Let w(p) = 3*p**2 + 11*p + 27. Let j(a) = -7*g(a) + 2*w(a). What is j(-6)?
-9
Let j be (12/(-10))/((-6)/20). Let y(h) = 6*h**2 - j*h**2 + 2*h + 2 - 7*h. What is y(3)?
5
Let o(s) = 3*s**3 - 2*s**2 + s. Let l(r) be the first derivative of -r**3/3 - 2*r**2 - 2*r + 1. Let g be l(-3). What is o(g)?
2
Let q(l) = l**3 - 6*l**2 - 10*l - 3. Let u(g) = -g**3 + 6*g**2 + 11*g + 2. Let i(t) = 6*q(t) + 5*u(t). Calculate i(7).
6
Let y(c) = -c - 3. Let s be y(-4). Let q(l) be the third derivative of 0*l + l**2 + 0*l**3 - 1/12*l**4 + 0. Give q(s).
-2
Let y(j) = 9*j**3 + 2*j**2 - 1. Let g(q) = q**2 - 2*q + 3. Let b be g(2). Let f be (b/(-9))/(1/3). Determine y(f).
-8
Let v(m) = -m**2. Let n(g) = g**3 + 3*g**2 - g - 1. Let i be n(-3). Suppose -i = -2*r + 3*r. What is v(r)?
-4
Let a = -174 - -168. Let t(v) = -6*v - 7*v**2 - v + 3 - v**3 - 12. Give t(a).
-3
Let k(f) be the first derivative of -f**3/3 + 4*f**2 - 7*f + 4. Suppose -3*z + 5*w - 8 = -1, 4*z + w - 29 = 0. What is k(z)?
5
Suppose -2*z - 48 = 2*z. Let x = z + 8. Let g(n) = 2*n + 1. Calculate g(x).
-7
Let x(m) = -3*m**2 - 1 - 2*m**3 - 3*m + 4*m**2 + 0*m**3 + 3*m**3. What is x(-2)?
1
Let w(x) = -2*x**3 + 6*x**2 - 2*x - 2. Let r(y) = -1 - 5*y**2 + y**3 + 5*y**2 - y**2 - y. Let m(z) = -3*r(z) - w(z). Give m(-4).
1
Let d(u) = -u**2 - 3*u + 689 - 689. Calculate d(-7).
-28
Suppose -2*m + 2*l = -30, 3*l + 4 = -2*m + 9. Suppose -2*k - 2 = -3*k, -3*h - m = -5*k. Let n(o) = -o - 9. Determine n(h).
-9
Let r(g) = g**2 + 11*g + 1. Let c(m) = m**2 + 17*m + 1. Let h(b) = 5*c(b) - 8*r(b). Determine h(-2).
-9
Let f(r) be the third derivative of -r**4/24 - 3*r**3 - 14*r**2 + r. Give f(0).
-18
Let r = 63 + -71. Let i(j) = -j**2 - 9*j - 3. Give i(r).
5
Let z(k) = 7*k**2 - 3 + k**3 - 9*k**2 + 6*k**2 - 3*k. Calculate z(-5).
-13
Suppose 16 = -4*o, -p + 0*o - 2*o = 0. Suppose -s + p = -3*c, -5*c + 2*s - 6 = 8. Let y be 0/((2/c)/(-1)). Let n(d) = d**2 + d + 5. Give n(y).
5
Let o(n) be the first derivative of -n**4/4 - 2*n**3/3 + 3*n**2/2 + n - 22. Calculate o(3).
-35
Let c(v) be the third derivative of -v**5/60 + 5*v**4/24 + 2*v**3/3 + v**2. Calculate c(5).
4
Suppose -2*x - 40 = 2*x. Let k(s) = s + 1. Calculate k(x).
-9
Let o(k) = 2*k + 4. Let b(r) = -r - 1. Let w(j) = 3*b(j) + o(j). Give w(2).
-1
Let v(c) = c**2 - 5. Let t(n) = -n**2 + n + 1. Let d(q) = 3*t(q) + v(q). Give d(2).
-4
Suppose 0 = q - 4*a - 23, -16 = 3*q + 8*a - 3*a. Let f(l) = l**2 - l - 4. What is f(q)?
2
Let w(b) = -b**2 + b + 4. Let u(d) = 4*d**2 - d. Let a be u(1). Determine w(a).
-2
Let v be 6/(-15) - (-22)/30. Let h(z) be the third derivative of v*z**4 + 0*z + 0 - 2*z**2 + 1/6*z**3. Determine h(-1).
-7
Suppose 5*b = -t + 15, 0*b - 3*b - 19 = -5*t. Let a(r) = -1 - r**b - 6 + 2 - 4*r. Determine a(-4).
-5
Suppose -1 = -z + 3*x - x, -x = -3*z - 2. Let f(w) = 11*w + 9. Let b(c) = 5*c + 4. Let r(a) = -9*b(a) + 4*f(a). What is r(z)?
1
Let b(a) be the second derivative of a**6/120 - a**5/12 - 7*a**4/24 + a**3/3 - a**2 + a. Let y(q) be the first derivative of b(q). Determine y(6).
-4
Let f(m) = 4*m**3 + 8*m**2 + 3*m - 4. Let y(v) = -v**3 - v**2 - v + 1. Let g(z) = -f(z) - 5*y(z). Let r = -2 + 1. Let x = 4 + r. Determine g(x).
5
Let f(x) = x + 1. Let n = 12 - 11. Let g(r) = 5*r - 2. Let c be g(n). Calculate f(c).
4
Let v(h) = -2*h + 5. Let x(b) = 3*b - 7. Let s(m) = 4*v(m) + 3*x(m). Calculate s(-3).
-4
Let o(z) be the third derivative of -z**4/24 + z**3/2 - 2*z**2. Suppose -b - 5 = -6*b, 4*w - b = -1. Suppose 5*a + 18 + 2 = w. What is o(a)?
7
Let k(h) be the second derivative of -h**4/12 + 5*h**3/6 + h**2 + 6*h. Calculate k(3).
8
Let w = -72 + 77. Let n(b) = b**2 - b - 2. Give n(w).
18
Let h be 2/(-2 - (-6 - -2)). Let t = 8 + -7. Let d(y) = 4 - h + t + 3*y. Determine d(-3).
-5
Let z(o) = -11*o + 1. Let a(g) = -g - 3. Let i be a(-2). Calculate z(i).
12
Let l(k) = 2*k**2 - 2*k + 2. Let u(g) = -3 + 5*g + 5 - 4*g**2 - 6. Let p(n) = -5*l(n) - 2*u(n). What is p(-2)?
-10
Let p(h) = -3*h + 3*h + 1 + h + 12*h. Give p(1).
14
Let d(b) = -2*b + 2 - 12 + 8. Determine d(-4).
6
Let y(q) = q**2 - 10*q + 10. Let s be y(8). Let u(n) be the second derivative of n**4/12 + n**3 - n**2/2 + 15*n. Calculate u(s).
-1
Let j be 11/((-1)/1*-1). Let i(h) be the second derivative of -h**4/12 + 2*h**3 - 15*h**2/2 - 3*h. Let b be i(j). Let w(c) = 2*c - 2. Determine w(b).
-10
Let u(b) = -b - 10. Suppose x + 2*z + 3 = -5, 2*z + 8 = -4*x. Give u(x).
-10
Let i = -9 + 11. Let u(y) = 3*y - 1 + 6*y**2 + i*y - 4*y. Give u(1).
6
Let b(u) be the third derivative of -u**9/60480 - u**8/2240 - u**7/560 - u**6/80 + u**5/10 + u**2. Let p(o) be the third derivative of b(o). Determine p(-8).
-1
Let n(c) = c**2 - 6. Suppose -16 = -3*g + 5*k + 9, k = 3*g - 17. What is n(g)?
19
Let c(i) = -i**3 + 5*i**2 - 2*i. Let y be c(4). Suppose 8 = -y*d + 10*d. Let v(m) = m**3 - 4*m**2 + 2*m - 4. What is v(d)?
4
Let o(f) = -2*f + 0*f**3 - 399 + 5*f**3 + f**2 + 400. Suppose 2*m - a - 2*a - 2 = 0, 5*m - 5 = -5*a. Determine o(m).
5
Let u(f) = -f**3 + 6*f**2 - 8*f + 5. Let c(p) = -p + 22. Let m be c(17). Give u(m).
-10
Suppose -4*p = -2*p - 6. Let q(z) = -4*z + 4*z**3 - 3*z**p - 3*z + 4*z**2 - 7. What is q(-5)?
3
Let r(f) = 7*f**3 - f**2 + 7*f + 9. Let x(j) = 8*j**3 - j**2 + 8*j + 10. Suppose -2*q + 5*q - 18 = 0. Let l(k) = q*x(k) - 7*r(k). Calculate l(0).
-3
Let x = -6 - -7. Let i = 2 - x. Let c(v) = 7*v + 1. Calculate c(i).
8
Let o(d) = -5*d - 13 + 5*d - d. Determine o(-7).
-6
Suppose 4*c + 6 = 3*u, -4*c = -c - 4*u + 8. Let r(t) = t**3 - t**2 + t - 4. Let n be r(c). Let a(y) = y**2 + 2*y - 2. Calculate a(n).
6
Let v = -67 - -65. Let x(g) = -5*g + 2. Give x(v).
12
Let n(l) = -20*l**2 - 3*l - 1. Let a(x) = 7*x**2 + x. Let q(p) = 17*a(p) + 6*n(p). Let y = -2 - -2. Give q(y).
-6
Let f(s) = -8 + 5 + 4*s - 11. Let p(q) = -q + 5. Suppose 3*y - 24 = -0. Let u(v) = y*p(v) + 3*f(v). Determine u(2).
6
Let y(z) = -z - 4. Suppose 13*v + 50 + 54 = 0. Calculate y(v).
4
Let t(x) = -x**2 + 2*x + 1. Suppose -5*j = 5*l + 5, 28 + 3 = 4*l - 3*j. What is t(l)?
-7
Let c = 5 + -6. Let j be (-4 - -4)*c/2. Let r(a) = -a**2 - a - 12. Determine r(j).
-12
Let i(h) = 2*h**2 - h**2 + 0 - 1 + 2*h. Let n(z) = z**2 - 2*z + 2. Let p be n(4). Suppose -x = 2*m + 11, x + x + p = -m. What is i(m)?
7
Let u be (-12)/9*(-6)/4. Let b = 0 + u. Let x(p) = -p**2 +